 - 2174 = -2*s. Suppose 4*c + b = 7*c. What are the prime factors of c?
2, 7, 13
Let s be (-1 + -4 - -23)*(1 + 0). Let f be (-2346)/s + -6 - (-2)/(-3). Let u = f + 263. List the prime factors of u.
2, 3, 7
Suppose -2*k - 4*l = l + 150, -4*k = 2*l + 300. Let a = -89 - k. Let n(i) = -i**3 - 14*i**2 - 7*i + 9. List the prime factors of n(a).
107
Let l(j) = -3*j - 1. Let n(v) = -116*v - 120. Let p(m) = -5*l(m) - n(m). List the prime factors of p(6).
911
Let d be (-120)/(-9)*(-18)/(-8). Let l(y) = -8 + d + 3 + 12*y. List the prime factors of l(5).
5, 17
Suppose -2*m - 12 = -s, 37*m - 38*m = s + 12. What are the prime factors of 204 - (-4)/m*-6?
3, 23
Let a be (0 - 7) + 6/((-3)/1). List the prime factors of 231 - ((-3)/2)/(a/(-18)).
2, 3, 13
Let s = 4298 - 1714. List the prime factors of s.
2, 17, 19
Suppose -25 = 3*x - 1. Let u(d) = 2*d + 86. Let n be u(-21). Let w = x + n. What are the prime factors of w?
2, 3
Let l(d) = -d**3 + 13*d**2 + 10*d - 22. Let i be l(13). Suppose i*u = 105*u + 1269. List the prime factors of u.
3, 47
Suppose -479239 = -14*k + 353383 - 224238. List the prime factors of k.
2, 7, 97
Let d be (-185)/(-148) + 1/(-4). List the prime factors of -3 - -301 - (1 + d).
2, 37
Let j(c) = 5170*c**2 - 67*c - 54. What are the prime factors of j(-3)?
3, 15559
Suppose -14*m + 4*m - 30 = 0. List the prime factors of -4*9/108 + (-730)/m.
3
Suppose 0*u + u - 5 = 0. Suppose -u*n - 7 = -4*c + 8, -24 = -4*c - 4*n. List the prime factors of (-11)/((-5)/(350/c)).
2, 7, 11
Let z(b) be the second derivative of 5*b**4/12 - 11*b**3/6 - 24*b**2 + 28*b. What are the prime factors of z(-7)?
2, 137
Let v(t) = 3*t**2 + 18*t + 4. Let i be v(-5). Let g(y) = -y**2 - 14*y + 2. Let q be g(i). Let p = -4 + q. List the prime factors of p.
31
Suppose -5*c + 67 = 20*o - 24*o, 0 = 4*o - 8. List the prime factors of 1141/3 + 70/c + -4.
3, 127
Let r = 2240 + -868. Suppose 3362 - r = 5*i. What are the prime factors of i?
2, 199
Let x(r) = -7*r**3 - 20*r**2 - 272*r - 48. What are the prime factors of x(-8)?
2, 277
Let o(t) = t**2 + 5*t - 147. Let q be o(-15). Suppose k - f - 1893 = 0, -11 = k - q*f - 1912. What are the prime factors of k?
1889
Let m = 72 - 141. Let y = -653 - -619. Let p = y - m. List the prime factors of p.
5, 7
Let t be (0 + (-1)/3)*0. Suppose -4*y - 11831 + 53911 = t. List the prime factors of y/45 + (-2)/(-9).
2, 3, 13
List the prime factors of (-50 - -6 - -10)/((-3)/7236).
2, 3, 17, 67
What are the prime factors of (150/45)/((-4)/2 + (-36140)/(-18069))?
5, 19, 317
List the prime factors of ((-532350)/27 - 3)*-3.
59159
Suppose 0 = 527*r - 4138781 - 1029508. List the prime factors of r.
3, 7, 467
Let k be (28/8 - 4)*-8. Suppose -k*t + 209 = -355. What are the prime factors of t?
3, 47
Let u(l) = 16*l**2 - 18*l - 5. Let x be u(-5). Let f = -125 + x. List the prime factors of f.
2, 3, 5
Suppose -27*p - 326086 + 567288 = -1099780. What are the prime factors of p?
2, 19, 1307
Suppose 0 = 49*v - 5*v - 329736. List the prime factors of v.
2, 3, 1249
Let q(m) = -222*m**3 + 19*m**2 - 13. What are the prime factors of q(-4)?
3, 179
Suppose 0 = 6*g - 3*g + 12, -28 = -4*n + 2*g. Suppose b + 85 = 3*o - 3*b, b = n*o - 170. What are the prime factors of o?
5, 7
Suppose -144*i - 195513 = -330150 - 2220051. List the prime factors of i.
2, 7, 73
Let r be 4 + 44 + -8 + 8. Suppose r*t - 44429 = 52195. List the prime factors of t.
3, 11, 61
Let r be 3/(-2)*(-16064)/48. Suppose 0 = 12*b + r - 3046. What are the prime factors of b?
2, 53
Let r(a) = -a**2 + 3. Let d be r(-3). Let s(c) = -17*c - 9 + 11 + 28*c + 14 - 15*c. List the prime factors of s(d).
2, 5
Let h(t) = -t**3 + 17*t**2 - 17*t + 15. Suppose -b = -6*b + 4*g + 60, 7 = 2*b - 5*g. Let i be h(b). What are the prime factors of -2*((-1)/i - 24)?
2, 23
Let g(h) = -3*h + 4 - 3*h**3 - 28*h**2 + 4*h**3 - 3*h**3 + 24*h**2 + 0*h**3. Let d = 3 - 6. What are the prime factors of g(d)?
31
Suppose 2*o = 2*h + 2, o + 4 = -3*h - h. What are the prime factors of (o - 0) + -4 - -332?
2, 41
Suppose 4*o - h = 20028, 8*h - 10*h + 25035 = 5*o. Let m be -4*(12/(-66) + o/132). Let w = m + 313. List the prime factors of w.
2, 3
Suppose a - 2*c = -2905, -6*a + 7*a - 4*c = -2915. Let f = a - -4694. What are the prime factors of f?
7, 257
Suppose 20*g - 24*g + 12 = 0. Suppose -s + 0*s - 2*r + 20 = 0, g*r - 60 = -3*s. Suppose -112 + s = -p. What are the prime factors of p?
2, 23
Suppose -5*d = -5 - 70. Suppose 10*h + d = 13*h. Let u(f) = f**2 + 7*f - 16. List the prime factors of u(h).
2, 11
Let y = -53240 - -89377. What are the prime factors of y?
36137
Let o be -3 + -2 + 19 + -2. Suppose -3*r + j + o = -2*r, 2*r - 27 = 3*j. Let t(y) = -y**2 + 18*y - 1. List the prime factors of t(r).
2, 5
Let f(z) = 3*z**3 + 20*z**2 + 11*z + 28. Let x(y) = -16*y**3 - 99*y**2 - 56*y - 141. Let d(i) = -11*f(i) - 2*x(i). What are the prime factors of d(-23)?
2, 5, 71
Let v(n) = -577*n**3 - n**2 - 5*n + 18. List the prime factors of v(-3).
3, 7, 743
Let p = -2265 + 4290. List the prime factors of p.
3, 5
List the prime factors of ((-73)/73)/((1/4)/((-80217)/36)).
3, 2971
Let h(x) = 5*x**3 + 3*x**2 - 14*x - 10. Let u(y) = 4*y**3 + 2*y**2 - 13*y - 12. Let k(p) = -5*h(p) + 6*u(p). What are the prime factors of k(-6)?
2, 67
Let n be 4/(-28) - (-69)/(-7). Let t = 10 + n. What are the prime factors of -31*-2*(t + 1)?
2, 31
Let u = 163 - 77. Let z = 155 - u. What are the prime factors of z?
3, 23
Suppose -4*h = 4*z - 28, -31 = -z - 2*z - 5*h. Let n(b) = 48*b**3 - b**2 - 4*b + 2. List the prime factors of n(z).
2, 11, 17
Let k(i) = 15*i. Let t(q) = -11 + 20 - 2*q + 7. Let a be t(6). What are the prime factors of k(a)?
2, 3, 5
List the prime factors of (-20)/(-250) + (-4139)/(100/(-228)*1).
9437
Suppose 3*b + 271 = p, -170*p + 3*b = -173*p + 705. List the prime factors of p.
2, 61
Let a = 38 + -33. Suppose y - a*u = 19, 3*y - 2*u = -0 + 18. What are the prime factors of (-74)/(0 + (-8)/y)?
37
Suppose 4*d - 2*d = 40. Suppose 360 - 1180 = -d*o. What are the prime factors of o?
41
Let c = -45 + 58. Suppose 2*v - 19 + c = 0. Suppose 0 = -v*a, -134 = -3*q + q - 3*a. What are the prime factors of q?
67
Let p(j) = j**3 - 9*j**2 + 7*j - 15. Let g be p(7). Let l = g - -72. Suppose -7*a - 27 = -l*a. What are the prime factors of a?
3
Let z(l) be the first derivative of -l**4/4 - 2*l**3 + 3*l**2 - 3*l - 26. Let f be z(-8). Suppose -25*g + 26*g = f. What are the prime factors of g?
7, 11
Suppose z - 20*p - 2287 = -15*p, -z = -3*p - 2289. List the prime factors of z.
2, 3, 191
Suppose 5*w + 539*t - 38233 = 535*t, -4*w + 5*t = -30611. List the prime factors of w.
7649
Suppose -8*g + 52074 = -3*g - 2*d, 3*g - 31234 = -4*d. Suppose 5*r = g - 3039. List the prime factors of r.
5, 59
Let r(f) = f**3 + 24*f**2 - 24*f + 29. Let o be r(-25). Let j be 0 + ((-548)/(-5))/(o/10). Suppose 6*a - j = 650. What are the prime factors of a?
2, 7, 11
Suppose 0 = -5*v + 25, 4*c + 3*v + 26 = -19. Let t be (72/c + 5)*5. Let d(s) = 294*s**2 + 4*s - 4. What are the prime factors of d(t)?
2, 3, 7
Suppose h + 26 = -5*t, 5*t + h + h = -22. List the prime factors of 399 - 2 - (1 + t/(-3)).
2, 197
Suppose -576*j + 36072 = -540*j. What are the prime factors of j?
2, 3, 167
Suppose 4*x - 6*x + 1801 = 3*q, -2404 = -4*q - 4*x. Let l = q + -333. What are the prime factors of l?
2, 7, 19
Let b = -23 + 21. Let t be 10*(5 + -1)*(b - -1). Let y = t - -52. What are the prime factors of y?
2, 3
Let j be (9 + (-3304)/24)*(-6)/4. Suppose j*t = 195*t - 642. What are the prime factors of t?
3, 107
Let l(o) = -2*o**3 - o. Let r be l(1). Suppose 1065 = 26*v - 41*v. Let h = r - v. List the prime factors of h.
2, 17
Let c be ((-16)/2)/(4/104). Let s = -17 - c. List the prime factors of s.
191
Suppose -7*l + 363 = 349. Suppose 0 = 4*a + l*q - 1676 - 1650, a = -2*q + 830. List the prime factors of a.
2, 13
Let c(l) = -l**2 + 32*l - 65. Let b be c(27). Let u = 213 + b. List the prime factors of u.
283
Let t = 7077 - 10289. What are the prime factors of (8 + -3 - -1)*t/(-33)?
2, 73
Suppose 0 - 12 = -s. Suppose -c + s = -5*c - 2*n, -3*c - 2*n - 11 = 0. List the prime factors of 1532/24 + c/(-6).
2
Let o = -2101 - -4277. Suppose -5*b - 5*r + 10*r = -2720, -4*b = -r - o. List the prime factors of b.
2, 17
Suppose -3*z + 7*z = 5*